{"id":9495,"date":"2024-08-05T15:58:08","date_gmt":"2024-08-05T15:58:08","guid":{"rendered":"https:\/\/www.iscap.pt\/streeartcei\/?page_id=9495"},"modified":"2024-08-09T21:41:55","modified_gmt":"2024-08-09T21:41:55","slug":"grande-porto-2","status":"publish","type":"page","link":"https:\/\/streetartcei.com\/en\/rotas\/grande-porto-2\/","title":{"rendered":"Grande Porto"},"content":{"rendered":"<div data-elementor-type=\"wp-page\" data-elementor-id=\"9495\" class=\"elementor elementor-9495\" data-elementor-post-type=\"page\">\n\t\t\t\t<div class=\"elementor-element elementor-element-ae9d967 e-flex e-con-boxed e-con e-parent\" data-id=\"ae9d967\" data-element_type=\"container\" data-e-type=\"container\">\n\t\t\t\t\t<div class=\"e-con-inner\">\n\t\t\t\t<div class=\"elementor-element elementor-element-fcbb931 elementor-grid-3 elementor-grid-tablet-2 elementor-grid-mobile-1 elementor-posts--thumbnail-top elementor-widget elementor-widget-posts\" data-id=\"fcbb931\" data-element_type=\"widget\" data-e-type=\"widget\" data-settings=\"{&quot;pagination_type&quot;:&quot;numbers&quot;,&quot;classic_columns&quot;:&quot;3&quot;,&quot;classic_columns_tablet&quot;:&quot;2&quot;,&quot;classic_columns_mobile&quot;:&quot;1&quot;,&quot;classic_row_gap&quot;:{&quot;unit&quot;:&quot;px&quot;,&quot;size&quot;:35,&quot;sizes&quot;:[]},&quot;classic_row_gap_tablet&quot;:{&quot;unit&quot;:&quot;px&quot;,&quot;size&quot;:&quot;&quot;,&quot;sizes&quot;:[]},&quot;classic_row_gap_mobile&quot;:{&quot;unit&quot;:&quot;px&quot;,&quot;size&quot;:&quot;&quot;,&quot;sizes&quot;:[]}}\" data-widget_type=\"posts.classic\">\n\t\t\t\t<div class=\"elementor-widget-container\">\n\t\t\t\t\t\t\t<div class=\"elementor-posts-container elementor-posts elementor-posts--skin-classic elementor-grid\" role=\"list\">\n\t\t\t\t<article class=\"elementor-post elementor-grid-item post-146 post type-post status-publish format-standard hentry category-rota-de-vila-do-conde\" role=\"listitem\">\n\t\t\t\t<div class=\"elementor-post__text\">\n\t\t\t\t<h3 class=\"elementor-post__title\">\n\t\t\t<a href=\"https:\/\/streetartcei.com\/en\/rota-de-vila-do-conde-exposicao-de-arte-urbana\/\" target=\"&quot;_blank&quot;\">\n\t\t\t\tExposi\u00e7\u00e3o de Arte Urbana\t\t\t<\/a>\n\t\t<\/h3>\n\t\t\t\t<div class=\"elementor-post__meta-data\">\n\t\t\t\t\t<span class=\"elementor-post-date\">\n\t\t\t18 de November, 2017\t\t<\/span>\n\t\t\t\t<\/div>\n\t\t\t\t<div class=\"elementor-post__excerpt\">\n\t\t\t<p>&nbsp; Clique aqui para aceder ao website da C\u00e2mara Municipal de Vila do Conde Clique aqui para aceder \u00e0 not\u00edcia &#8220;Os her\u00f3is nas paredes de<\/p>\n\t\t<\/div>\n\t\t\t\t<\/div>\n\t\t\t\t<\/article>\n\t\t\t\t<article class=\"elementor-post elementor-grid-item post-147 post type-post status-publish format-standard hentry category-rota-de-vila-do-conde\" role=\"listitem\">\n\t\t\t\t<div class=\"elementor-post__text\">\n\t\t\t\t<h3 class=\"elementor-post__title\">\n\t\t\t<a href=\"https:\/\/streetartcei.com\/en\/rota-de-vila-do-conde-mural-da-seca-do-bacalhau\/\" target=\"&quot;_blank&quot;\">\n\t\t\t\tMural da Seca do Bacalhau\t\t\t<\/a>\n\t\t<\/h3>\n\t\t\t\t<div class=\"elementor-post__meta-data\">\n\t\t\t\t\t<span class=\"elementor-post-date\">\n\t\t\t18 de November, 2017\t\t<\/span>\n\t\t\t\t<\/div>\n\t\t\t\t<div class=\"elementor-post__excerpt\">\n\t\t\t<p>&nbsp; Clique aqui para aceder ao website da C\u00e2mara Municipal de Vila do Conde Clique aqui para aceder \u00e0 not\u00edcia &#8220;Os her\u00f3is nas paredes de<\/p>\n\t\t<\/div>\n\t\t\t\t<\/div>\n\t\t\t\t<\/article>\n\t\t\t\t<article class=\"elementor-post elementor-grid-item post-228 post type-post status-publish format-standard hentry category-rota-de-vila-do-conde\" role=\"listitem\">\n\t\t\t\t<div class=\"elementor-post__text\">\n\t\t\t\t<h3 class=\"elementor-post__title\">\n\t\t\t<a href=\"https:\/\/streetartcei.com\/en\/rota-de-vila-do-conde-rua-sonia-e-robert-delaunay\/\" target=\"&quot;_blank&quot;\">\n\t\t\t\tRua Sonia e Robert Delaunay\t\t\t<\/a>\n\t\t<\/h3>\n\t\t\t\t<div class=\"elementor-post__meta-data\">\n\t\t\t\t\t<span class=\"elementor-post-date\">\n\t\t\t18 de November, 2017\t\t<\/span>\n\t\t\t\t<\/div>\n\t\t\t\t<div class=\"elementor-post__excerpt\">\n\t\t\t<p>&nbsp; Clique aqui para aceder ao website da C\u00e2mara Municipal de Vila do Conde Clique aqui para aceder \u00e0 not\u00edcia &#8220;Os her\u00f3is nas paredes de<\/p>\n\t\t<\/div>\n\t\t\t\t<\/div>\n\t\t\t\t<\/article>\n\t\t\t\t<article class=\"elementor-post elementor-grid-item post-229 post type-post status-publish format-standard hentry category-rota-de-vila-do-conde\" role=\"listitem\">\n\t\t\t\t<div class=\"elementor-post__text\">\n\t\t\t\t<h3 class=\"elementor-post__title\">\n\t\t\t<a href=\"https:\/\/streetartcei.com\/en\/rota-de-vila-do-conde-pontao-da-nossa-senhora-da-guia\/\" target=\"&quot;_blank&quot;\">\n\t\t\t\tPont\u00e3o da Nossa Senhora da Guia\t\t\t<\/a>\n\t\t<\/h3>\n\t\t\t\t<div class=\"elementor-post__meta-data\">\n\t\t\t\t\t<span class=\"elementor-post-date\">\n\t\t\t18 de November, 2017\t\t<\/span>\n\t\t\t\t<\/div>\n\t\t\t\t<div class=\"elementor-post__excerpt\">\n\t\t\t<p>&nbsp; Clique aqui para aceder ao website da C\u00e2mara Municipal de Vila do Conde Clique aqui para aceder \u00e0 not\u00edcia &#8220;Os her\u00f3is nas paredes de<\/p>\n\t\t<\/div>\n\t\t\t\t<\/div>\n\t\t\t\t<\/article>\n\t\t\t\t<article class=\"elementor-post elementor-grid-item post-394 post type-post status-publish format-standard hentry category-rota-de-vila-do-conde\" role=\"listitem\">\n\t\t\t\t<div class=\"elementor-post__text\">\n\t\t\t\t<h3 class=\"elementor-post__title\">\n\t\t\t<a href=\"https:\/\/streetartcei.com\/en\/rota-de-vila-do-conde-avenida-dr-joao-canavarro\/\" target=\"&quot;_blank&quot;\">\n\t\t\t\tAvenida Dr. Jo\u00e3o Canavarro\t\t\t<\/a>\n\t\t<\/h3>\n\t\t\t\t<div class=\"elementor-post__meta-data\">\n\t\t\t\t\t<span class=\"elementor-post-date\">\n\t\t\t18 de November, 2017\t\t<\/span>\n\t\t\t\t<\/div>\n\t\t\t\t<div class=\"elementor-post__excerpt\">\n\t\t\t<p>Clique aqui para aceder ao website da C\u00e2mara Municipal de Vila do Conde Clique aqui para aceder \u00e0 not\u00edcia &#8220;Os her\u00f3is nas paredes de Vila<\/p>\n\t\t<\/div>\n\t\t\t\t<\/div>\n\t\t\t\t<\/article>\n\t\t\t\t<article class=\"elementor-post elementor-grid-item post-144 post type-post status-publish format-standard hentry category-rota-de-vila-do-conde\" role=\"listitem\">\n\t\t\t\t<div class=\"elementor-post__text\">\n\t\t\t\t<h3 class=\"elementor-post__title\">\n\t\t\t<a href=\"https:\/\/streetartcei.com\/en\/rota-de-vila-do-conde-mural-das-caxias\/\" target=\"&quot;_blank&quot;\">\n\t\t\t\tMural das Caxinas\t\t\t<\/a>\n\t\t<\/h3>\n\t\t\t\t<div class=\"elementor-post__meta-data\">\n\t\t\t\t\t<span class=\"elementor-post-date\">\n\t\t\t18 de November, 2017\t\t<\/span>\n\t\t\t\t<\/div>\n\t\t\t\t<div class=\"elementor-post__excerpt\">\n\t\t\t<p>&nbsp; Clique aqui para aceder ao website da C\u00e2mara Municipal de Vila do Conde Clique aqui para aceder \u00e0 not\u00edcia &#8220;Os her\u00f3is nas paredes de<\/p>\n\t\t<\/div>\n\t\t\t\t<\/div>\n\t\t\t\t<\/article>\n\t\t\t\t<\/div>\n\t\t\n\t\t\t\t<div class=\"e-load-more-anchor\" data-page=\"1\" data-max-page=\"18\" data-next-page=\"https:\/\/streetartcei.com\/en\/wp-json\/wp\/v2\/pages\/9495\/page\/2\/\"><\/div>\n\t\t\t\t<nav class=\"elementor-pagination\" aria-label=\"Pagination\">\n\t\t\t<span aria-current=\"page\" class=\"page-numbers current\"><span class=\"elementor-screen-only\">Page<\/span>1<\/span>\n<a class=\"page-numbers\" href=\"https:\/\/streetartcei.com\/en\/wp-json\/wp\/v2\/pages\/9495\/page\/2\/\"><span class=\"elementor-screen-only\">Page<\/span>2<\/a>\n<a class=\"page-numbers\" href=\"https:\/\/streetartcei.com\/en\/wp-json\/wp\/v2\/pages\/9495\/page\/3\/\"><span class=\"elementor-screen-only\">Page<\/span>3<\/a>\n<span class=\"page-numbers dots\">&hellip;<\/span>\n<a class=\"page-numbers\" href=\"https:\/\/streetartcei.com\/en\/wp-json\/wp\/v2\/pages\/9495\/page\/5\/\"><span class=\"elementor-screen-only\">Page<\/span>5<\/a>\t\t<\/nav>\n\t\t\t\t\t\t<\/div>\n\t\t\t\t<\/div>\n\t\t\t\t\t<\/div>\n\t\t\t\t<\/div>\n\t\t\t\t<\/div>","protected":false},"excerpt":{"rendered":"","protected":false},"author":1,"featured_media":0,"parent":10390,"menu_order":0,"comment_status":"closed","ping_status":"closed","template":"","meta":{"_monsterinsights_skip_tracking":false,"_monsterinsights_sitenote_active":false,"_monsterinsights_sitenote_note":"","_monsterinsights_sitenote_category":0,"footnotes":""},"class_list":["post-9495","page","type-page","status-publish","hentry"],"jetpack_sharing_enabled":true,"_links":{"self":[{"href":"https:\/\/streetartcei.com\/en\/wp-json\/wp\/v2\/pages\/9495","targetHints":{"allow":["GET"]}}],"collection":[{"href":"https:\/\/streetartcei.com\/en\/wp-json\/wp\/v2\/pages"}],"about":[{"href":"https:\/\/streetartcei.com\/en\/wp-json\/wp\/v2\/types\/page"}],"author":[{"embeddable":true,"href":"https:\/\/streetartcei.com\/en\/wp-json\/wp\/v2\/users\/1"}],"replies":[{"embeddable":true,"href":"https:\/\/streetartcei.com\/en\/wp-json\/wp\/v2\/comments?post=9495"}],"version-history":[{"count":4,"href":"https:\/\/streetartcei.com\/en\/wp-json\/wp\/v2\/pages\/9495\/revisions"}],"predecessor-version":[{"id":9499,"href":"https:\/\/streetartcei.com\/en\/wp-json\/wp\/v2\/pages\/9495\/revisions\/9499"}],"up":[{"embeddable":true,"href":"https:\/\/streetartcei.com\/en\/wp-json\/wp\/v2\/pages\/10390"}],"wp:attachment":[{"href":"https:\/\/streetartcei.com\/en\/wp-json\/wp\/v2\/media?parent=9495"}],"curies":[{"name":"wp","href":"https:\/\/api.w.org\/{rel}","templated":true}]}}

<div data-elementor-type="wp-page" data-elementor-id="9495" class="elementor elementor-9495" data-elementor-post-type="page">
				<div class="elementor-element elementor-element-ae9d967 e-flex e-con-boxed e-con e-parent" data-id="ae9d967" data-element_type="container" data-e-type="container">
					<div class="e-con-inner">
				<div class="elementor-element elementor-element-fcbb931 elementor-grid-3 elementor-grid-tablet-2 elementor-grid-mobile-1 elementor-posts--thumbnail-top elementor-widget elementor-widget-posts" data-id="fcbb931" data-element_type="widget" data-e-type="widget" data-settings="{&quot;pagination_type&quot;:&quot;numbers&quot;,&quot;classic_columns&quot;:&quot;3&quot;,&quot;classic_columns_tablet&quot;:&quot;2&quot;,&quot;classic_columns_mobile&quot;:&quot;1&quot;,&quot;classic_row_gap&quot;:{&quot;unit&quot;:&quot;px&quot;,&quot;size&quot;:35,&quot;sizes&quot;:[]},&quot;classic_row_gap_tablet&quot;:{&quot;unit&quot;:&quot;px&quot;,&quot;size&quot;:&quot;&quot;,&quot;sizes&quot;:[]},&quot;classic_row_gap_mobile&quot;:{&quot;unit&quot;:&quot;px&quot;,&quot;size&quot;:&quot;&quot;,&quot;sizes&quot;:[]}}" data-widget_type="posts.classic">
				<div class="elementor-widget-container">
							<div class="elementor-posts-container elementor-posts elementor-posts--skin-classic elementor-grid" role="list">
				<article class="elementor-post elementor-grid-item post-146 post type-post status-publish format-standard hentry category-rota-de-vila-do-conde" role="listitem">
				<div class="elementor-post__text">
				<h3 class="elementor-post__title">
			<a href="https://streetartcei.com/en/rota-de-vila-do-conde-exposicao-de-arte-urbana/" target="&quot;_blank&quot;">
				Exposição de Arte Urbana			</a>
		</h3>
				<div class="elementor-post__meta-data">
					<span class="elementor-post-date">
			18 de November, 2017		</span>
				</div>
				<div class="elementor-post__excerpt">
			<p>&nbsp; Clique aqui para aceder ao website da Câmara Municipal de Vila do Conde Clique aqui para aceder à notícia &#8220;Os heróis nas paredes de</p>
		</div>
				</div>
				</article>
				<article class="elementor-post elementor-grid-item post-147 post type-post status-publish format-standard hentry category-rota-de-vila-do-conde" role="listitem">
				<div class="elementor-post__text">
				<h3 class="elementor-post__title">
			<a href="https://streetartcei.com/en/rota-de-vila-do-conde-mural-da-seca-do-bacalhau/" target="&quot;_blank&quot;">
				Mural da Seca do Bacalhau			</a>
		</h3>
				<div class="elementor-post__meta-data">
					<span class="elementor-post-date">
			18 de November, 2017		</span>
				</div>
				<div class="elementor-post__excerpt">
			<p>&nbsp; Clique aqui para aceder ao website da Câmara Municipal de Vila do Conde Clique aqui para aceder à notícia &#8220;Os heróis nas paredes de</p>
		</div>
				</div>
				</article>
				<article class="elementor-post elementor-grid-item post-228 post type-post status-publish format-standard hentry category-rota-de-vila-do-conde" role="listitem">
				<div class="elementor-post__text">
				<h3 class="elementor-post__title">
			<a href="https://streetartcei.com/en/rota-de-vila-do-conde-rua-sonia-e-robert-delaunay/" target="&quot;_blank&quot;">
				Rua Sonia e Robert Delaunay			</a>
		</h3>
				<div class="elementor-post__meta-data">
					<span class="elementor-post-date">
			18 de November, 2017		</span>
				</div>
				<div class="elementor-post__excerpt">
			<p>&nbsp; Clique aqui para aceder ao website da Câmara Municipal de Vila do Conde Clique aqui para aceder à notícia &#8220;Os heróis nas paredes de</p>
		</div>
				</div>
				</article>
				<article class="elementor-post elementor-grid-item post-229 post type-post status-publish format-standard hentry category-rota-de-vila-do-conde" role="listitem">
				<div class="elementor-post__text">
				<h3 class="elementor-post__title">
			<a href="https://streetartcei.com/en/rota-de-vila-do-conde-pontao-da-nossa-senhora-da-guia/" target="&quot;_blank&quot;">
				Pontão da Nossa Senhora da Guia			</a>
		</h3>
				<div class="elementor-post__meta-data">
					<span class="elementor-post-date">
			18 de November, 2017		</span>
				</div>
				<div class="elementor-post__excerpt">
			<p>&nbsp; Clique aqui para aceder ao website da Câmara Municipal de Vila do Conde Clique aqui para aceder à notícia &#8220;Os heróis nas paredes de</p>
		</div>
				</div>
				</article>
				<article class="elementor-post elementor-grid-item post-394 post type-post status-publish format-standard hentry category-rota-de-vila-do-conde" role="listitem">
				<div class="elementor-post__text">
				<h3 class="elementor-post__title">
			<a href="https://streetartcei.com/en/rota-de-vila-do-conde-avenida-dr-joao-canavarro/" target="&quot;_blank&quot;">
				Avenida Dr. João Canavarro			</a>
		</h3>
				<div class="elementor-post__meta-data">
					<span class="elementor-post-date">
			18 de November, 2017		</span>
				</div>
				<div class="elementor-post__excerpt">
			<p>Clique aqui para aceder ao website da Câmara Municipal de Vila do Conde Clique aqui para aceder à notícia &#8220;Os heróis nas paredes de Vila</p>
		</div>
				</div>
				</article>
				<article class="elementor-post elementor-grid-item post-144 post type-post status-publish format-standard hentry category-rota-de-vila-do-conde" role="listitem">
				<div class="elementor-post__text">
				<h3 class="elementor-post__title">
			<a href="https://streetartcei.com/en/rota-de-vila-do-conde-mural-das-caxias/" target="&quot;_blank&quot;">
				Mural das Caxinas			</a>
		</h3>
				<div class="elementor-post__meta-data">
					<span class="elementor-post-date">
			18 de November, 2017		</span>
				</div>
				<div class="elementor-post__excerpt">
			<p>&nbsp; Clique aqui para aceder ao website da Câmara Municipal de Vila do Conde Clique aqui para aceder à notícia &#8220;Os heróis nas paredes de</p>
		</div>
				</div>
				</article>
				</div>
		
				<div class="e-load-more-anchor" data-page="1" data-max-page="18" data-next-page="https://streetartcei.com/en/wp-json/wp/v2/pages/9495/page/2/"></div>
				<nav class="elementor-pagination" aria-label="Pagination">
			<span aria-current="page" class="page-numbers current"><span class="elementor-screen-only">Page</span>1</span>
<a class="page-numbers" href="https://streetartcei.com/en/wp-json/wp/v2/pages/9495/page/2/"><span class="elementor-screen-only">Page</span>2</a>
<a class="page-numbers" href="https://streetartcei.com/en/wp-json/wp/v2/pages/9495/page/3/"><span class="elementor-screen-only">Page</span>3</a>
<span class="page-numbers dots">&hellip;</span>
<a class="page-numbers" href="https://streetartcei.com/en/wp-json/wp/v2/pages/9495/page/5/"><span class="elementor-screen-only">Page</span>5</a>		</nav>
						</div>
				</div>
					</div>
				</div>
				</div>
